is 24 (base 14) in base 5?
112
-200 (base 9) to base 5
-1122
What is -2 (base 15) in base 4?
-2
Convert 0 (base 3) to base 9.
0
11022 (base 3) to base 14
84
Convert 3 (base 13) to base 6.
3
What is 3 (base 9) in base 3?
10
-31 (base 4) to base 6
-21
-60 (base 9) to base 10
-54
What is -23 (base 14) in base 15?
-21
Convert 1121 (base 4) to base 9.
108
-11 (base 10) to base 4
-23
Convert -3 (base 14) to base 13.
-3
What is -2 (base 11) in base 4?
-2
-120 (base 4) to base 7
-33
What is -8 (base 15) in base 7?
-11
Convert 10 (base 7) to base 10.
7
-1011 (base 3) to base 14
-23
Convert 12 (base 10) to base 6.
20
104 (base 10) to base 15
6e
What is -176 (base 9) in base 16?
-96
What is 15 (base 6) in base 10?
11
Convert -1 (base 4) to base 3.
-1
What is -94 (base 10) in base 6?
-234
What is -33 (base 16) in base 10?
-51
Convert -1043 (base 6) to base 11.
-201
500 (base 6) to base 8
264
What is 451 (base 6) in base 3?
20111
What is 2 (base 8) in base 9?
2
-19 (base 12) to base 4
-111
What is 1101 (base 2) in base 13?
10
24 (base 14) to base 8
40
-3 (base 9) to base 14
-3
Convert 21 (base 5) to base 7.
14
What is -2b (base 15) in base 7?
-56
4a (base 16) to base 2
1001010
-a (base 15) to base 14
-a
1 (base 2) to base 10
1
Convert -1010 (base 2) to base 6.
-14
What is -2a (base 13) in base 15?
-26
Convert -112212 (base 3) to base 6.
-1505
Convert -5 (base 11) to base 4.
-11
What is -2 (base 5) in base 14?
-2
153 (base 12) to base 4
3033
Convert -e (base 16) to base 13.
-11
35 (base 9) to base 7
44
3232 (base 4) to base 7
460
What is -5 (base 16) in base 2?
-101
What is -96 (base 11) in base 16?
-69
Convert -112 (base 3) to base 9.
-15
2 (base 9) to base 11
2
Convert -3032 (base 4) to base 15.
-db
20 (base 7) to base 10
14
Convert 13 (base 8) to base 2.
1011
Convert 0 (base 10) to base 7.
0
Convert 13 (base 6) to base 2.
1001
What is -1102 (base 4) in base 8?
-122
What is -10 (base 16) in base 12?
-14
Convert 38 (base 9) to base 11.
32
What is 22 (base 6) in base 2?
1110
What is 15 (base 13) in base 2?
10010
What is -2 (base 6) in base 2?
-10
20 (base 3) to base 8
6
What is 135 (base 7) in base 8?
113
2444 (base 5) to base 11
310
What is -2 (base 10) in base 6?
-2
What is 10 (base 10) in base 11?
a
97 (base 13) to base 16
7c
What is 3 (base 13) in base 4?
3
What is 2 (base 16) in base 3?
2
What is 1 (base 13) in base 5?
1
What is 10 (base 6) in base 7?
6
What is 8 (base 10) in base 6?
12
Convert -41 (base 5) to base 4.
-111
What is 25 (base 7) in base 5?
34
Convert 23 (base 5) to base 15.
d
What is 4 (base 13) in base 11?
4
-24 (base 5) to base 11
-13
What is 110010 (base 2) in base 15?
35
-2 (base 6) to base 8
-2
What is -101001 (base 3) in base 2?
-100001111
What is -37 (base 13) in base 6?
-114
Convert 50 (base 10) to base 9.
55
e6 (base 15) to base 9
260
-17 (base 16) to base 12
-1b
Convert -7 (base 8) to base 10.
-7
What is -3 (base 13) in base 4?
-3
1 (base 14) to base 15
1
Convert 23 (base 6) to base 10.
15
1220 (base 3) to base 9
56
Convert -14 (base 9) to base 3.
-111
What is 17 (base 11) in base 10?
18
2 (base 14) to base 12
2
Convert -18 (base 14) to base 12.
-1a
What is 2120 (base 3) in base 15?
49
What is 2 (base 15) in base 16?
2
Convert -3 (base 12) to base 8.
-3
What is -10 (base 5) in base 16?
-5
What is -6 (base 14) in base 3?
-20
14 (base 10) to base 16
e
Convert 6 (base 7) to base 9.
6
What is 18 (base 12) in base 3?
202
What is 41 (base 16) in base 7?
122
7 (base 8) to base 12
7
What is -3 (base 4) in base 2?
-11
What is -48 (base 12) in base 15?
-3b
3 (base 9) to base 3
10
14 (base 5) to base 4
21
Convert 2 (base 16) to base 14.
2
7 (base 11) to base 10
7
-354 (base 10) to base 9
-433
Convert -5 (base 11) to base 13.
-5
Convert 1020 (base 5) to base 3.
12000
What is 3 (base 15) in base 16?
3
Convert -19 (base 16) to base 13.
-1c
Convert 10 (base 10) to base 4.
22
Convert 0 (base 4) to base 7.
0
-2 (base 11) to base 4
-2
What is -77 (base 12) in base 14?
-67
What is -4 (base 15) in base 4?
-10
-2 (base 3) to base 14
-2
What is 210 (base 3) in base 12?
19
Convert -1 (base 16) to base 9.
-1
Convert -64 (base 16) to base 8.
-144
144 (base 11) to base 5
1134
Convert 100 (base 2) to base 10.
4
What is -a6 (base 14) in base 4?
-2102
What is -100111111 (base 2) in base 8?
-477
What is 10 (base 10) in base 2?
1010
Convert -20102 (base 3) to base 13.
-104
-36 (base 12) to base 4
-222
What is -16 (base 14) in base 12?
-18
What is 0 (base 4) in base 12?
0
1231 (base 4) to base 12
91
3 (base 13) to base 7
3
What is -8 (base 11) in base 6?
-12
54 (base 8) to base 12
38
What is -15 (base 8) in base 5?
-23
What is 11 (base 9) in base 15?
a
What is 3e (base 16) in base 15?
42
22 (base 12) to base 7
35
-301 (base 6) to base 11
-9a
Convert -11221 (base 4) to base 10.
-361
2 (base 7) to base 3
2
What is -32 (base 16) in base 13?
-3b
255 (base 8) to base 15
b8
What is 120 (base 7) in base 3?
2100
-3 (base 9) to base 3
-10
32 (base 13) to base 6
105
Convert 113 (base 5) to base 13.
27
What is -68 (base 9) in base 3?
-2022
9 (base 11) to base 7
12
What is 202 (base 3) in base 2?
10100
0 (base 10) to base 3
0
-10 (base 4) to base 14
-4
3 (base 16) to base 15
3
What is -2 (base 8) in base 13?
-2
What is -15 (base 16) in base 12?
-19
Convert 355 (base 6) to base 14.
a3
What is -9 (base 14) in base 6?
-13
What is 36 (base 14) in base 10?
48
What is 275 (base 8) in base 4?
2331
Convert 0 (base 12) to base 6.
0
What is 11 (base 9) in base 11?
a
What is -143 (base 7) in base 10?
-80
What is -22 (base 3) in base 10?
-8
-62 (base 8) to base 7
-101
1 (base 2) to base 15
1
What is -12 (base 14) in base 12?
-14
What is 1 (base 11) in base 5?
1
-7 (base 9) to base 7
-10
Convert -2 (base 10) to base 14.
-2
Convert 12 (base 4) to base 15.
6
What is 1 (base 11) in base 15?
1
Convert 2 (base 3) to base 10.
2
What is 1 (base 10) in base 11?
1
Convert 22 (base 13) to base 15.
1d
240 (base 6) to base 8
140
What is -28 (base 13) in base 6?
-54
What is 16 (base 11) in base 8?
21
Convert -121 (base 3) to base 11.
-15
What is 1a (base 16) in base 7?
35
What is 3 (base 12) in base 4?
3
23 (base 12) to base 13
21
What is -25 (base 7) in base 14?
-15
0 (base 8) to base 15
0
-3 (base 14) to base 2
-11
What is 151 (base 10) in base 7?
304
Convert -10 (base 3) to base 16.
-3
What is -67 (base 9) in base 2?
-111101
What is 5c (base 14) in base 12?
6a
4 (base 6) to base 12
4
Convert -1 (base 7) to base 16.
-1
Convert 93 (base 11) to base 5.
402
What is 84 (base 14) in base 9?
138
-17 (base 14) to base 5
-41
Convert b (base 15) to base 14.
b
Convert -9 (base 12) to base 3.
-100
What is 13 (base 12) in base 5?
30
Convert -5 (base 16) to base 14.
-5
What is 10 (base 15) in base 4?
33
Convert -2100 (base 4) to base 8.
-220
16 (base 15) to base 8
25
What is 15 (base 12) in base 16?
11
0 (base 13) to base 14
0
Convert -41 (base 6) to base 10.
-25
1 (base 9) to base 2
1
What is -26 (base 7) in base 5?
-40
What is 1000010 (base 2) in base 9?
73
Convert 4 (base 7) to base 8.
4
What is -1 (base 6) in base 10?
-1
3 (base 12) to base 11
3
Convert 14 (base 13) to base 16.
11
Convert 1 (base 9) to base 15.
1
What is -102 (base 3) in base 14?
-b
8b (base 14) to base 15
83
What is -a (base 14) in base 8?
-12
What is 3 (base 10) in base 9?
3
-5 (base 12) to base 5
-10
-133 (base 7) to base 10
-73
Convert -1 (base 4) to base 7.
-1
a (base 16) to base 10
10
-122 (base 5) to base 12
-31
-1 (base 8) to base 6
-1
Convert a2 (base 12) to base 15.
82
-d7 (base 14) to base 5
-1224
Convert 42 (base 5) to base 15.
17
-16 (base 10) to base 4
-100
-20 (base 10) to base 9
-22
-1 (base 11) to base 13
-1
What is 100 (base 2) in base 12?
4
Convert -1 (base 2) to base 10.
-1
What is -4 (base 9) in base 14?
-4
-22 (base 3) to base 11
-8
What is 4 (base 7) in base 12?
4
What is 2 (base 10) in base 12?
2
What is 30 (base 7) in base 13?
18
What is -100 (base 4) in base 11?
-15
4 (base 5) to base 4
10
Convert -101 (base 3) to base 4.
-22
20 (base 8) to base 11
15
Convert 156 (base 13) to base 16.
f0
Convert 2d (base 15) to base 13.
34
Convert 3 (base 15) to base 16.
3
Convert -2132 (base 4) to base 14.
-b4
Convert 10 (base 9) to base 11.
9
What is 1 (base 10) in base 14?
1
Convert -100 (base 3) to base 6.
-13
What is -